What is the hundreds digit of 94370?
3
What is the ten millions digit of 14762077?
1
What is the tens digit of 5913605?
0
What is the tens digit of 732882?
8
What is the tens digit of 5935041?
4
What is the thousands digit of 541288?
1
What is the thousands digit of 52225?
2
What is the hundred thousands digit of 168747?
1
What is the ten thousands digit of 4007716?
0
What is the tens digit of 590950?
5
What is the hundreds digit of 81289?
2
What is the hundreds digit of 614870?
8
What is the hundred thousands digit of 5142419?
1
What is the thousands digit of 194907?
4
What is the hundred thousands digit of 385762?
3
What is the tens digit of 12235699?
9
What is the hundreds digit of 721700?
7
What is the hundred thousands digit of 123240?
1
What is the thousands digit of 16764608?
4
What is the hundred thousands digit of 283862?
2
What is the ten thousands digit of 14539719?
3
What is the millions digit of 1542325?
1
What is the hundreds digit of 8911833?
8
What is the units digit of 2798950?
0
What is the tens digit of 5520700?
0
What is the ten millions digit of 22820856?
2
What is the tens digit of 5590013?
1
What is the units digit of 37251?
1
What is the ten thousands digit of 934417?
3
What is the thousands digit of 54217?
4
What is the units digit of 3800447?
7
What is the ten millions digit of 10914762?
1
What is the hundred thousands digit of 7157606?
1
What is the hundred thousands digit of 6743125?
7
What is the ten thousands digit of 10065840?
6
What is the hundreds digit of 336661?
6
What is the ten thousands digit of 20417024?
1
What is the thousands digit of 94580?
4
What is the units digit of 508978?
8
What is the tens digit of 6364671?
7
What is the ten thousands digit of 5072263?
7
What is the thousands digit of 1650284?
0
What is the thousands digit of 395067?
5
What is the ten thousands digit of 4199791?
9
What is the units digit of 467317?
7
What is the units digit of 7863332?
2
What is the tens digit of 422136?
3
What is the tens digit of 4956501?
0
What is the hundred thousands digit of 24785027?
7
What is the hundred thousands digit of 2036670?
0
What is the hundred thousands digit of 197769?
1
What is the hundreds digit of 4364237?
2
What is the ten millions digit of 14798767?
1
What is the hundreds digit of 834542?
5
What is the thousands digit of 599933?
9
What is the units digit of 122198?
8
What is the ten thousands digit of 39946505?
4
What is the hundred thousands digit of 721212?
7
What is the millions digit of 11020054?
1
What is the thousands digit of 346162?
6
What is the millions digit of 1253394?
1
What is the units digit of 135391?
1
What is the hundreds digit of 1978596?
5
What is the hundreds digit of 29881398?
3
What is the units digit of 3031?
1
What is the ten millions digit of 32045631?
3
What is the units digit of 1400511?
1
What is the ten thousands digit of 16394790?
9
What is the units digit of 63136?
6
What is the hundreds digit of 1088316?
3
What is the hundreds digit of 232105?
1
What is the ten thousands digit of 16988045?
8
What is the hundreds digit of 4230228?
2
What is the hundreds digit of 434926?
9
What is the hundreds digit of 5240572?
5
What is the ten thousands digit of 1017720?
1
What is the tens digit of 1660954?
5
What is the units digit of 828745?
5
What is the hundred thousands digit of 17791057?
7
What is the units digit of 3413217?
7
What is the ten thousands digit of 2571106?
7
What is the tens digit of 14173385?
8
What is the units digit of 13784729?
9
What is the hundreds digit of 27443112?
1
What is the hundred thousands digit of 1067135?
0
What is the tens digit of 498445?
4
What is the ten thousands digit of 2211469?
1
What is the units digit of 826765?
5
What is the tens digit of 9242858?
5
What is the tens digit of 233326?
2
What is the tens digit of 146919?
1
What is the tens digit of 244194?
9
What is the hundreds digit of 1784584?
5
What is the hundred thousands digit of 2930170?
9
What is the ten thousands digit of 7185728?
8
What is the tens digit of 1232805?
0
What is the ten thousands digit of 2020594?
2
What is the ten thousands digit of 12493687?
9
What is the thousands digit of 5221005?
1
What is the ten thousands digit of 2214653?
1
What is the hundred thousands digit of 539903?
5
What is the hundreds digit of 471467?
4
What is the thousands digit of 5117389?
7
What is the ten millions digit of 26745907?
2
What is the tens digit of 1187700?
0
What is the hundred thousands digit of 416279?
4
What is the hundred thousands digit of 7773170?
7
What is the units digit of 91725?
5
What is the tens digit of 1420640?
4
What is the tens digit of 136092?
9
What is the thousands digit of 581717?
1
What is the tens digit of 230691?
9
What is the units digit of 290509?
9
What is the tens digit of 3314861?
6
What is the hundred thousands digit of 3391909?
3
What is the hundreds digit of 994621?
6
What is the tens digit of 5136536?
3
What is the thousands digit of 491455?
1
What is the millions digit of 1686050?
1
What is the tens digit of 6290722?
2
What is the ten thousands digit of 1372781?
7
What is the millions digit of 3102812?
3
What is the units digit of 23711?
1
What is the hundreds digit of 25241?
2
What is the hundreds digit of 518551?
5
What is the tens digit of 905878?
7
What is the tens digit of 21448705?
0
What is the tens digit of 844538?
3
What is the ten thousands digit of 1908127?
0
What is the units digit of 214730?
0
What is the thousands digit of 560790?
0
What is the millions digit of 8466824?
8
What is the units digit of 9049801?
1
What is the units digit of 1993804?
4
What is the hundred thousands digit of 298158?
2
What is the thousands digit of 1274928?
4
What is the hundreds digit of 63930?
9
What is the ten thousands digit of 257511?
5
What is the hundred thousands digit of 315027?
3
What is the hundreds digit of 226514?
5
What is the tens digit of 372441?
4
What is the units digit of 112208?
8
What is the tens digit of 120212?
1
What is the tens digit of 161890?
9
What is the units digit of 81944?
4
What is the tens digit of 749174?
7
What is the ten thousands digit of 53841?
5
What is the ten thousands digit of 508146?
0
What is the units digit of 847770?
0
What is the hundreds digit of 4059140?
1
What is the hundreds digit of 25748?
7
What is the tens digit of 34311088?
8
What is the hundreds digit of 2329262?
2
What is the ten thousands digit of 84538?
8
What is the tens digit of 1019621?
2
What is the tens digit of 201807?
0
What is the tens digit of 1957421?
2
What is the millions digit of 3332114?
3
What is the hundreds digit of 425872?
8
What is the hundred thousands digit of 350607?
3
What is the ten thousands digit of 69246?
6
What is the thousands digit of 271639?
1
What is the thousands digit of 119472?
9
What is the tens digit of 159089?
8
What is the millions digit of 1089720?
1
What is the tens digit of 7911126?
2
What is the ten thousands digit of 8202784?
0
What is the thousands digit of 437733?
7
What is the units digit of 3888600?
0
What is the tens digit of 202715?
1
What is the units digit of 15828033?
3
What is the millions digit of 3173135?
3
What is the hundreds digit of 4409645?
6
What is the ten thousands digit of 2775258?
7
What is the tens digit of 5029754?
5
What is the hundred thousands digit of 7630947?
6
What is the units digit of 122644?
4
What is the hundreds digit of 2030396?
3
What is the thousands digit of 245294?
5
What is the tens digit of 282396?
9
What is the ten thousands digit of 1207972?
0
What is the ten thousands digit of 2516647?
1
What is the ten thousands digit of 92347?
9
What is the units digit of 94051?
1
What is the hundred thousands digit of 135685?
1
What is the ten thousands digit of 183352?
8
What is the thousands digit of 106372?
6
What is the tens digit of 1869384?
8
What is the ten thousands digit of 43734?
4
What is the ten thousands digit of 703679?
0
What is the tens digit of 1181075?
7
What is the units digit of 3351564?
4
What is the hundred thousands digit of 250831?
2
What is the thousands digit of 1083508?
3
What is the tens digit of 743640?
4
What is the ten thousands digit of 4337539?
3
What is the hundreds digit of 11747655?
6
What is the ten thousands digit of 909370